
-986
Let t(s) = 77*s + 4980. Determine t(-65).
-25
Let t(c) = c**3 - c**2 + 31*c - 34. What is t(0)?
-34
Let t(z) = 27*z**2 + 135*z - 3. Determine t(-5).
-3
Let m(h) = -h**3 + 45*h**2 - 78*h - 66. What is m(43)?
278
Let f(s) = -78*s + 478. Determine f(6).
10
Let d(s) = -3*s**3 + 60*s**2 + 2*s - 39. What is d(20)?
1
Let b(j) = 3*j**3 - 351*j**2 + 2. Give b(117).
2
Let f(y) = -16*y**2 - 101*y - 35. What is f(-6)?
-5
Let d(z) = 7*z**2 + 15*z - 211. Calculate d(6).
131
Let x(c) = -c**3 + 169*c**2 - 1130*c - 43. Give x(7).
-15
Let l(v) = -24*v**2 + 309*v + 30. Calculate l(13).
-9
Let a(p) = 2*p**2 + 60*p - 614. Determine a(-38).
-6
Let a(n) = -430*n + 16033. Determine a(37).
123
Let u(x) = -42*x - 627. What is u(-15)?
3
Let s(p) = p**3 - 10*p**2 - 37*p - 1. Calculate s(12).
-157
Let m(x) = 3*x**2 + 2596*x + 12905. Give m(-5).
0
Let g(w) = -4*w**3 - 25*w**2 + 19*w - 35. Calculate g(-7).
-21
Let n(g) = 234*g + 6325. What is n(-27)?
7
Let o(t) = -21*t**3 - 108*t - 109. Give o(-1).
20
Let m(x) = -x**3 - 26*x**2 - 68*x + 18. Calculate m(-23).
-5
Let t(h) = 4488*h - 71799. What is t(16)?
9
Let l(p) = -156*p - 1559. Calculate l(-10).
1
Let u(f) = 6*f**3 + 43*f**2 + f - 13. Calculate u(-7).
29
Let l(c) = c**3 + 18*c**2 - 13*c + 105. Give l(-19).
-9
Let l(r) = -17*r**2 - 9*r + 1. What is l(3)?
-179
Let l(g) = -1667*g + 11673. Give l(7).
4
Let h(u) = u**3 + 30*u**2 + 159*u - 8. Determine h(-7).
6
Let y(w) = w**2 + 140*w + 3814. What is y(-103)?
3
Let m(u) = -2*u**2 + 8*u + 380. Give m(-13).
-62
Let c(q) = -q**2 + 94*q + 952. Determine c(-9).
25
Let k(u) = 135*u + 141. Calculate k(-1).
6
Let v(h) = 2*h + 48. What is v(-27)?
-6
Let o(s) = -114*s - 7033. What is o(-61)?
-79
Let h(f) = 224*f + 16327. Give h(-73).
-25
Let g(i) = i**3 + 21*i**2 - 135*i - 147. Determine g(-26).
-17
Let o(z) = -2*z**2 + 3*z + 440. Calculate o(14).
90
Let g(m) = 10*m - 417. Calculate g(41).
-7
Let s(g) = 14*g**2 - 11*g + 24. Calculate s(2).
58
Let z(m) = -16*m**2 + 43*m + 123. Calculate z(-3).
-150
Let c(h) = -40*h**2 + 20*h + 52. Give c(-3).
-368
Let d(o) = -o**3 - 17*o**2 - 61*o + 32. Determine d(-11).
-23
Let m(k) = 8896*k + 35583. Determine m(-4).
-1
Let l(r) = -2*r**2 - 39*r - 85. Give l(-2).
-15
Let j(f) = f**3 + 38*f**2 - 123*f + 16. Give j(-41).
16
Let a(h) = -56*h + 893. Calculate a(15).
53
Let i(l) = -l**3 - 9*l**2 + 132*l - 39. Determine i(-17).
29
Let l(f) = -f**3 + 6*f**2 + 18*f - 9. What is l(9)?
-90
Let h(k) = -k**3 + 81*k**2 + 66*k + 1329. What is h(82)?
17
Let u(s) = -s**2 + 11*s + 12. Determine u(12).
0
Let i(f) = -246*f + 933. Determine i(4).
-51
Let u(b) = -18*b - 607. Give u(-32).
-31
Let k(f) = 14*f**2 + 20*f + 85. Calculate k(-4).
229
Let c(b) = b**2 - 396*b + 36716. Determine c(148).
12
Let x(s) = -8*s**2 + 490*s - 1943. Give x(57).
-5
Let k(y) = -46*y - 83. Calculate k(-9).
331
Let p(i) = 4*i**2 + 204*i - 2436. Determine p(10).
4
Let f(o) = 83*o**2 - 147*o - 1344. Determine f(5).
-4
Let d(i) = 127*i + 2065. Give d(-16).
33
Let f(p) = -p**3 + 2*p**2 + 63*p - 21. Calculate f(10).
-191
Let d(p) = -812*p - 2442. Give d(-3).
-6
Let b(i) = -2*i**2 - 70*i + 1032. Calculate b(-46).
20
Let g(f) = f**2 + 50*f + 60. Calculate g(-49).
11
Let w(t) = 822*t - 9042. Calculate w(11).
0
Let y(w) = w**3 + 38*w**2 - 168*w + 97. What is y(-42)?
97
Let q(t) = -t**3 + 129*t**2 + 122*t + 1023. What is q(130)?
-17
Let t(g) = -13400*g + 107191. Calculate t(8).
-9
Let h(p) = 8*p**2 - 45*p + 6. Calculate h(6).
24
Let n(t) = 2*t**2 - 166*t - 9197. Give n(-38).
-1
Let i(m) = 8*m**3 - 59*m**2 + 26*m - 1. Calculate i(7).
34
Let t(w) = -6*w**2 + 59*w - 165. What is t(6)?
-27
Let h(i) = 32*i - 586. Calculate h(12).
-202
Let k(a) = 4*a**3 + 3*a**2 - 2*a - 2. What is k(0)?
-2
Let v(n) = -10*n**2 + 57*n - 4. Give v(5).
31
Let i(v) = 4*v**3 + 23*v**2 - 6*v + 35. Determine i(-6).
35
Let r(w) = -w**3 - 62*w**2 - 599*w + 45. Calculate r(-50).
-5
Let p(t) = t**3 + 109*t**2 - 167*t + 6103. What is p(-111)?
-2
Let l(g) = 8*g + 1005. Determine l(-139).
-107
Let h(j) = -j**3 - 19*j**2 + 115*j - 9. Give h(5).
-34
Let d(l) = -l**2 - 16*l + 498. Give d(-29).
121
Let f(a) = 2*a**2 - 59*a + 389. Give f(19).
-10
Let r(l) = 47*l - 1120. What is r(22)?
-86
Let n(v) = -198*v**2 - 11484*v - 16. Calculate n(-58).
-16
Let o(c) = -8*c + 471. Calculate o(56).
23
Let y(z) = -496*z - 4497. Determine y(-9).
-33
Let a(c) = 22*c - 433. What is a(20)?
7
Let p(c) = -2*c**3 - 25*c**2 + 106*c + 1215. Give p(-13).
6
Let c(g) = 3831*g + 7685. Determine c(-2).
23
Let z(c) = -145*c - 1454. What is z(-10)?
-4
Let c(j) = 28*j**2 - 8*j + 6. Give c(-3).
282
Let l(p) = 8*p - 25. What is l(5)?
15
Let p(q) = -25*q**2 - 1173*q + 93. Calculate p(-47).
-1
Let h(m) = -11*m - 193. Determine h(-26).
93
Let c(s) = -s**2 - 52*s - 550. What is c(-37)?
5
Let x(y) = 2*y**3 - 24*y**2 + 31*y - 123. Give x(11).
-24
Let i(t) = 63*t - 144. What is i(-5)?
-459
Let q(m) = -397*m + 5165. Determine q(13).
4
Let k(v) = 45*v - 13. Determine k(-4).
-193
Let h(q) = q**3 + 12*q**2 + 11*q - 6. Calculate h(-9).
138
Let m(f) = -f**3 - 20*f**2 - 72*f - 126. Determine m(-16).
2
Let y(d) = -3*d**2 + 2*d - 10. What is y(3)?
-31
Let q(j) = -34*j**3 - 20*j**2 - 12*j + 7. Calculate q(-1).
33
Let u(i) = -i**2 - 64*i - 787. Determine u(-15).
-52
Let x(c) = 16*c - 1059. Determine x(-7).
-1171
Let d(b) = -64*b + 317. Determine d(3).
125
Let n(q) = -342*q + 36243. Determine n(106).
-9
Let y(x) = 509*x - 3583. Calculate y(8).
489
Let f(h) = h**2 - 12*h - 653. Determine f(-21).
40
Let t(x) = -x**2 + 12*x + 18. What is t(-12)?
-270
Let i(g) = 122*g + 1330. Determine i(-11).
-12
Let j(z) = -z**3 + 63*z**2 - 13*z + 602. Determine j(63).
-217
Let w(l) = -l**3 + 13*l**2 - 10*l + 185. Determine w(9).
419
Let k(j) = -28*j + 221. Determine k(11).
-87
Let j(a) = -4*a**2 - 164*a + 54. What is j(-41)?
54
Let l(r) = 7197*r + 367051. Calculate l(-51).
4
Let z(q) = 28*q**3 + 5*q**2 - 21*q + 74. Calculate z(3).
812
Let b(v) = v**3 + 3*v**2 - 89*v - 9. Give b(8).
-17
Let j(y) = y**3 + 19*y**2 + 47*y + 527. Determine j(-18).
5
Let h(m) = m**2 - 205*m + 812. Calculate h(4).
8
Let v(j) = 46*j - 52. What is v(4)?
132
Let c(w) = w**2 - 30*w - 345. Determine c(39).
6
Let x(w) = -20*w + 51. Calculate x(-8).
211
Let q(m) = -m**3 + 32*m**2 + 94*m - 4613. Calculate q(30).
7
Let q(g) = g**3 + g**2 + 9*g - 43. Determine q(0).
-43
Let a(h) = 28*h + 1535. Determine a(-55).
-5
Let b(d) = 6*d**3 - 148*d**2 - 45*d + 5. Calculate b(25).
130
Let b(k) = -4*k**2 + 115*k + 334. Determine b(-3).
-47
Let z(j) = -20*j**2 - 217*j + 20. What is z(-11)?
-13
Let d(m) = -4*m**2 + 77*m - 1096. Determine d(15).
-841
Let s(v) = 5*v**2 + 112*v + 379. Calculate s(-4).
11
Let x(m) = 22*m**2 + 360*m + 441. Give x(-15).
-9
Let m(n) = -n**3 + 21*n**2 + 5*n + 37. Calculate m(21).
142
Let x(t) = t**2 - 92*t - 66. Give x(86).
-582
Let l(n) = -n**3 - 15*n**2 - 36*n + 16. Determine l(-7).
-124
Let u(p) = p**3 + 31*p**2 - 118*p - 540. Give u(-34).
4
Let q(y) = -58*y + 598. Give q(8).
134
Let q(u) = 17*u - 495. Give q(21).
-138
Let l(o) = o**3 - 4*o**2 - 57*o + 270. What is l(6)?
0
Let q(u) = -212*u - 2547. Calculate q(-12).
-3
Let d(c) = 9*c**2 + 492*c - 148. Calculate d(-55).
17
Let n(x) = -75*x**2 - 37*x + 75. Calculate n(2).
-299
Let t(y) = y**3 + 30*y**2 - 800*y - 4. What is t(17)?
-21
Let u(h) = -207*h - 5810. Give u(-28).
-14
Let d(k) = 88*k + 1966. Give d(-23).
-58
Let t(y) = 3*y**2 + 14*y - 57. Give t(-8).
23
Let x(u) = u**2 + 27*u - 74. Determine x(-22).
-184
Let s(y) = -166*y - 19. Give s(-1).
147
Let f(b) = -9*b**3 - 38*b - 40. Determine f(-1).
7
Let t(b) = b**2 - 50*b - 4113. What is t(-44)?
23
Let g(c) = -88*c - 884. Give g(-9).
-92
Let l(n) = -151*n**3 + 3*n**2 + n. Give l(-1).
153
Let v(w) = 242*w - 4833. Give v(20).
7
Let x(h) = 9*h - 193. Calculate x(6).
-139
Let q(x) = -359*x - 717. What is q(-2)?
1
Let q(n) = -3*n**2 - 323*n + 1090. Give q(-111).
-20
Let b(t) = -2*t - 73. Determine b(9).
-91
Let q(f) = f**3 + 5*f**2 - 174*f - 721. Give q(-4).
-9
Let c(z) = 7*z - 17. What is c(-21)?
-164
Let i(a) = a**3 + 24*a**2 + 22*a + 520. Determine i(-24).
-8
Let a(o) = -o**3 + 2*o**2 - 94*o - 314. Give a(-3).
13
Let k(f) = -2*f**2 + 154*f + 330. Determine k(79).
14
Let f(y) = -1461*y - 2909. Calculate f(-2).
13
Let h(c) = 17*